{"id":11,"date":"2018-10-16T08:13:32","date_gmt":"2018-10-16T08:13:32","guid":{"rendered":"http:\/\/www.foodtruckzaragozaeventos.com\/?page_id=11"},"modified":"2018-10-17T08:30:33","modified_gmt":"2018-10-17T08:30:33","slug":"presentacion","status":"publish","type":"page","link":"https:\/\/www.foodtruckzaragozaeventos.com\/?page_id=11","title":{"rendered":"Presentaci\u00f3n"},"content":{"rendered":"<p style=\"text-align: left;\">Ante todo gracias por llegar hasta nuestros Food Truck.<\/p>\n<p style=\"text-align: left;\">Te ofrecemos r\u00e9plicas de las m\u00edticas Citroen HY decoradas y equipadas con todos los est\u00e1ndares de calidad y seguridad.<\/p>\n<p style=\"text-align: left;\">F\u00e1cilmente transportables y personalizables para cualquier evento.<\/p>\n<p style=\"text-align: left;\">Si quieres vivir un d\u00eda inolvidable, que sea recordado por todos tus invitados,\u00a0 nosotros te ayudamos para que sea un evento diferente.<\/p>\n<p style=\"text-align: left;\">Trabajamos en bodas, comuniones, bautizos, eventos privados, fiestas populares, cumplea\u00f1os, empresas, presentaciones de producto y en todo lugar que nos lo pidan.<\/p>\n<p style=\"text-align: left;\">Puedes decidir la opci\u00f3n que prefieras, como atrezzo y decoraci\u00f3n, publicidad, o porque no, con servicio de bocadillos, tapas, mesa buffet, cocktail de bienvenida, candy bar y todo lo que se te ocurra.<\/p>\n<p style=\"text-align: left;\">Compartimos de manera cercana el trato con nuestros clientes. Dilatados a\u00f1os de experiencia en eventos y producci\u00f3n de espect\u00e1culos avalan nuestra profesionalidad.<\/p>\n<p style=\"text-align: left;\">Y recuerda, en tu pr\u00f3ximo evento o fiesta pon un food-truck, de esta manera lo convertir\u00e1s en algo \u00fanico y con un toque vintage.<\/p>\n","protected":false},"excerpt":{"rendered":"<p>Ante todo gracias por llegar hasta nuestros Food Truck. Te ofrecemos r\u00e9plicas de las m\u00edticas Citroen HY decoradas y equipadas con todos los est\u00e1ndares de calidad y seguridad. F\u00e1cilmente transportables y personalizables para cualquier evento. Si quieres vivir un d\u00eda inolvidable, que sea recordado por todos tus invitados,\u00a0 nosotros te ayudamos para que sea un &hellip; <\/p>\n<p class=\"link-more\"><a href=\"https:\/\/www.foodtruckzaragozaeventos.com\/?page_id=11\" class=\"more-link\">Continuar leyendo<span class=\"screen-reader-text\"> \u00abPresentaci\u00f3n\u00bb<\/span><\/a><\/p>\n","protected":false},"author":1,"featured_media":0,"parent":0,"menu_order":0,"comment_status":"closed","ping_status":"closed","template":"","meta":[],"_links":{"self":[{"href":"https:\/\/www.foodtruckzaragozaeventos.com\/index.php?rest_route=\/wp\/v2\/pages\/11"}],"collection":[{"href":"https:\/\/www.foodtruckzaragozaeventos.com\/index.php?rest_route=\/wp\/v2\/pages"}],"about":[{"href":"https:\/\/www.foodtruckzaragozaeventos.com\/index.php?rest_route=\/wp\/v2\/types\/page"}],"author":[{"embeddable":true,"href":"https:\/\/www.foodtruckzaragozaeventos.com\/index.php?rest_route=\/wp\/v2\/users\/1"}],"replies":[{"embeddable":true,"href":"https:\/\/www.foodtruckzaragozaeventos.com\/index.php?rest_route=%2Fwp%2Fv2%2Fcomments&post=11"}],"version-history":[{"count":4,"href":"https:\/\/www.foodtruckzaragozaeventos.com\/index.php?rest_route=\/wp\/v2\/pages\/11\/revisions"}],"predecessor-version":[{"id":64,"href":"https:\/\/www.foodtruckzaragozaeventos.com\/index.php?rest_route=\/wp\/v2\/pages\/11\/revisions\/64"}],"wp:attachment":[{"href":"https:\/\/www.foodtruckzaragozaeventos.com\/index.php?rest_route=%2Fwp%2Fv2%2Fmedia&parent=11"}],"curies":[{"name":"wp","href":"https:\/\/api.w.org\/{rel}","templated":true}]}}